8?
True
Does 8 divide 26335?
False
Is 6 a factor of 216?
True
Is 22396 a multiple of 32?
False
Is 15 a factor of 627?
False
Does 24 divide 66?
False
Does 20 divide 940?
True
Does 102 divide 10098?
True
Is 712 a multiple of 89?
True
Does 31 divide 217?
True
Does 7 divide 1470?
True
Is 157 a multiple of 26?
False
Does 12 divide 8484?
True
Is 948 a multiple of 9?
False
Does 29 divide 1662?
False
Does 4 divide 124?
True
Is 184 a factor of 7544?
True
Is 122280 a multiple of 10?
True
Is 94 a multiple of 47?
True
Does 43 divide 43?
True
Does 9 divide 666?
True
Is 16 a factor of 1121?
False
Does 5 divide 2351?
False
Does 69 divide 4040?
False
Does 135 divide 270?
True
Does 58 divide 1995?
False
Does 14 divide 9744?
True
Is 18 a factor of 2880?
True
Is 128 a factor of 20952?
False
Is 3306 a multiple of 19?
True
Is 115 a factor of 856?
False
Does 23 divide 10512?
False
Is 6046 a multiple of 12?
False
Is 1261 a multiple of 13?
True
Is 2428 a multiple of 72?
False
Is 10 a factor of 23199?
False
Is 3856 a multiple of 186?
False
Is 6 a factor of 7340?
False
Is 9 a factor of 38331?
True
Does 8 divide 4912?
True
Does 17 divide 1173?
True
Is 12 a factor of 1392?
True
Does 16 divide 34331?
False
Is 8466 a multiple of 185?
False
Does 4 divide 5869?
False
Is 2 a factor of 117?
False
Is 1550 a multiple of 155?
True
Does 2 divide 1344?
True
Is 16380 a multiple of 45?
True
Is 11 a factor of 65825?
False
Does 116 divide 9164?
True
Is 8 a factor of 256?
True
Is 970 a multiple of 97?
True
Is 125 a factor of 7789?
False
Does 33 divide 36036?
True
Is 1528 a multiple of 37?
False
Does 71 divide 7880?
False
Is 104 a multiple of 30?
False
Does 28 divide 138?
False
Is 36 a factor of 813?
False
Does 2 divide 943?
False
Does 8 divide 966?
False
Is 12170 a multiple of 72?
False
Is 3612 a multiple of 7?
True
Is 1802 a multiple of 6?
False
Is 3 a factor of 219?
True
Is 72 a multiple of 9?
True
Is 36 a factor of 17773?
False
Does 44 divide 880?
True
Is 476 a multiple of 17?
True
Is 155 even?
False
Is 2 a factor of 6991?
False
Does 12 divide 22734?
False
Is 74 a factor of 2738?
True
Is 1422 a multiple of 9?
True
Is 16 a factor of 8747?
False
Is 240 a multiple of 30?
True
Is 32346 a multiple of 9?
True
Is 244 a multiple of 61?
True
Is 96 a factor of 2259?
False
Is 95 a factor of 895?
False
Does 31 divide 631?
False
Is 17 a factor of 385?
False
Is 25 a factor of 152?
False
Does 60 divide 7357?
False
Is 72 a factor of 6408?
True
Does 9 divide 1233?
True
Does 59 divide 9558?
True
Is 824 a multiple of 24?
False
Is 1426 a multiple of 12?
False
Is 228 a multiple of 6?
True
Does 4 divide 1323?
False
Is 23 a factor of 2459?
False
Is 8 a factor of 160?
True
Is 16205 a multiple of 9?
False
Is 7442 a multiple of 76?
False
Is 14 a factor of 87850?
True
Is 3300 a multiple of 25?
True
Is 3864 a multiple of 7?
True
Does 88 divide 4576?
True
Is 2210 a multiple of 37?
False
Is 65648 a multiple of 11?
True
Is 50543 a multiple of 352?
False
Is 32382 a multiple of 18?
True
Is 400 a multiple of 15?
False
Is 34801 a multiple of 147?
False
Does 10 divide 6250?
True
Is 97 a factor of 13677?
True
Is 4641 a multiple of 119?
True
Does 183 divide 11895?
True
Does 9 divide 19640?
False
Is 36720 a multiple of 192?
False
Does 44 divide 24772?
True
Is 548 a multiple of 4?
True
Is 61 a factor of 83509?
True
Is 39 a factor of 3783?
True
Does 23 divide 1081?
True
Is 1740 a multiple of 87?
True
Is 3 a factor of 106?
False
Does 7 divide 872?
False
Is 378 a multiple of 42?
True
Does 11 divide 99?
True
Does 27 divide 1673?
False
Does 188 divide 4324?
True
Is 1881 a multiple of 11?
True
Does 32 divide 8170?
False
Does 4 divide 29318?
False
Does 10 divide 13942?
False
Is 27 a factor of 324?
True
Is 14428 a multiple of 19?
False
Is 25 a factor of 5575?
True
Is 3 a factor of 458?
False
Is 57 a factor of 3477?
True
Is 1208 a multiple of 16?
False
Is 603 a multiple of 62?
False
Is 26 a factor of 65000?
True
Does 7 divide 3122?
True
Is 18 a factor of 64062?
True
Does 2 divide 714?
True
Does 27 divide 2781?
True
Is 25 a factor of 14006?
False
Does 40 divide 216?
False
Does 2 divide 77?
False
Is 23 a factor of 552?
True
Does 12 divide 552?
True
Is 3487 even?
False
Does 5 divide 372?
False
Is 26520 a multiple of 170?
True
Is 9 a factor of 2241?
True
Is 6 a factor of 932?
False
Is 692 a multiple of 18?
False
Is 31980 a multiple of 39?
True
Is 4 a factor of 944?
True
Is 2624 a multiple of 32?
True
Is 19278 a multiple of 8?
False
Is 49218 a multiple of 78?
True
Is 1173 a multiple of 23?
True
Does 11 divide 1166?
True
Is 15 a factor of 1112?
False
Does 37 divide 6341?
False
Is 9757 a multiple of 2?
False
Does 14 divide 1011?
False
Is 50 a factor of 169299?
False
Is 4718 a multiple of 30?
False
Is 10 a factor of 6068?
False
Is 23 a factor of 2203?
False
Does 80 divide 2160?
True
Is 41 a factor of 137?
False
Does 21 divide 231?
True
Is 6495 a multiple of 13?
False
Is 3 a factor of 294?
True
Is 532 a multiple of 28?
True
Is 76 a factor of 116?
False
Does 9 divide 302?
False
Is 102 a factor of 20120?
False
Is 1456 a multiple of 8?
True
Is 57 a factor of 43863?
False
Does 83 divide 498?
True
Is 7350 a multiple of 21?
True
Does 84 divide 13692?
True
Is 1932 a multiple of 69?
True
Is 9523 a multiple of 49?
False
Does 10 divide 905?
False
Is 27170 a multiple of 18?
False
Is 125 a multiple of 25?
True
Is 333 a multiple of 17?
False
Does 3 divide 11061?
True
Does 57 divide 24180?
False
Does 25 divide 225?
True
Is 14 a factor of 1630?
False
Does 24 divide 336?
True
Is 2585 a multiple of 11?
True
Is 83 even?
False
Is 5 a factor of 495?
True
Is 9126 a multiple of 9?
True
Is 15 a factor of 427?
False
Does 107 divide 1284?
True
Does 21 divide 471?
False
Is 1476 a multiple of 82?
True
Does 15 divide 389?
False
Is 4320 a multiple of 32?
True
Does 19 divide 659?
False
Does 54 divide 1897?
False
Is 61 a factor of 122?
True
Does 56 divide 10858?
False
Is 7 a factor of 631?
False
Does 54 divide 2646?
True
Is 65 a factor of 1831?
False
Does 12 divide 38040?
True
Is 37 a factor of 3811?
True
Is 244 a multiple of 18?
False
Does 154 divide 60676?
True
Does 5 divide 3360?
True
Does 19 divide 772?
False
Does 13 divide 29673?
False
Is 2008 a multiple of 44?
False
Is 350 a multiple of 14?
True
Does 13 divide 20550?
False
Is 17 a factor of 493?
True
Does 104 divide 1915?
False
Is 78 a factor of 3666?
True
Is 239 a multiple of 13?
False
Is 11034 a multiple of 6?
True
Is 12 a factor of 4572?
True
Does 16 divide 752?
True
Does 55 divide 43285?
True
Is 14 a factor of 13944?
True
Is 420 a multiple of 14?
True
Is 7015 a multiple of 6?
False
Does 11 divide 286?
True
Is 57135 a multiple of 15?
True
Does 28 divide 224?
True
Is 76 a factor of 684?
True
Is 22 a factor of 12122?
True
Is 139 a factor of 18144?
False
Is 53 a factor of 1570?
False
Is 14 a factor of 56?
True
Is 104809 a multiple of 58?
False
Is 4 a factor of 776?
True
Does 15 divide 571?
False
Does 40 divide 16063?
False
Is 17 a factor of 166?
False
Is 5920 a multiple of 32?
True
Is 6 a factor of 827?
False
Is 12 a factor of 209?
False
Does 12 divide 17392?
False
Is 4774 a multiple of 77?
True
Is 56 a factor of 2296?
True
Is 26 a factor of 4411?
False
Is 839 a multiple of 70?
False
Is 20 a factor of 19238?
False
Is 55803 a multiple of 209?
True
Is 19404 a multiple of 98?
True
Is 194 a multiple of 6?
False
Does 6 divide 108?
True
Is 18450 a multiple of 93?
False
Is 14 a factor of 3024?
True
Is 1111 a multiple of 11?
True
Does 134 divide 12596?
True
Does 6 divide 25316?
False
Is 17 a factor of 51741?
False
Is 368 a multiple of 23?
True
Is 19249 a multiple of 10?
False
Is 29049 a multiple of 23?
True
Does 39 divide 3466?
False
Is 9 a factor of 507?
False
Is 10 a factor of 740?
True
Is 51 a factor of 746?
False
Is 3245 a multiple of 45?
False
Does 39 divide 81237?
True
Does 22 divide 594?
True
Is 9 a factor of 38997?
True
Is 18 a factor of 5575?
False
Is 18 a factor of 850?
False
Does 37 divide 971?
False
Does 36 divide 8082?
False
Is 68103 a multiple of 141?
True
Is 4158 a multiple of 42?
True
Does 27 divide 11407?
False
Is 170 a multiple of 10?
True
Is 54 a factor of 9666?
True
Is 17 a factor of 170?
True
Does 38 divide 9363?
False
Does 31 divide 45545?
False
Is 3348 a multiple of 287?
False
Does 36 divide 510